 Suppose -u + 7 = 4*m - 9, p = 4*u + m. Suppose 3*q - 216 - 60 = -u*n, -207 = -3*n - 5*q. Is n composite?
True
Suppose -4*w + 15 = 3. Suppose -w*p + 147 = -0*p. Is p composite?
True
Let c(z) be the first derivative of z**4/4 - z**3/3 - z**2 + 9*z - 81. Let t be 2/5 + 2/(-5). Is c(t) a composite number?
True
Suppose -l = 757 + 994. Let m = 3316 + l. Is m composite?
True
Let b = 26 + 89. Suppose -119*m + b*m + 3148 = 0. Is m a composite number?
False
Suppose 72 = 2*y - 22. Let u = 156 - y. Is u composite?
False
Suppose k - 5946 - 12356 = -3*y, 6099 = y + 2*k. Is y a composite number?
False
Suppose 3*f + 387 = -3*t + 1557, -1990 = -5*t + 3*f. Let y = 132 + t. Is y a composite number?
True
Let q be 3/(-6)*-3*16/6. Suppose -q*f + k = -5522, 5*f = 4*f - 3*k + 1387. Is f prime?
True
Let y(a) = a**3 - 18*a**2 + 4*a + 29. Let j = 124 - 105. Is y(j) a prime number?
False
Let w(a) = 3*a**2 - 2. Let g be w(1). Is -1 + (1 - -2) + g + 4 a composite number?
False
Is (-4)/((-8)/3082) + -3 prime?
False
Let q = 143 + -145. Is 378 + 3 + q + -2 a composite number?
True
Suppose 0 = -0*i + i - 28. Let q = -16 + i. Suppose -q = 2*y - 30. Is y a prime number?
False
Suppose -2*i = -0*i + 6, -2*m + 4*i = 4. Let j be (-3)/(0 + 12/m). Suppose -j*a - 838 = -4*a. Is a composite?
False
Suppose 3*b - 38336 = -5*q, -5*b - 4778 = 4*q - 35439. Is q composite?
False
Suppose -4*h + 8353 = 4*y + 573, 3875 = 2*h - 3*y. Is h a composite number?
True
Let m(w) = -5*w**3 + w**2 - 21*w - 57. Let j(z) = z**3 + 5*z + 14. Let y(l) = 9*j(l) + 2*m(l). Let x be y(7). Is 6/(-2) + 6 - x a prime number?
False
Suppose 3*x + 60 = -3*a - 12, -2*x = 5*a + 60. Let m = x - -23. Suppose 7*u - 2227 = 2*u + 4*j, 3*j + 1338 = m*u. Is u a prime number?
True
Let y = 35 - 35. Suppose y = -5*d + 9*d - 3676. Is d composite?
False
Let t(c) = c**2 - 2*c - 40. Let g be t(7). Is (-5)/g*1079/1 a prime number?
False
Suppose 0 = -3*o + f + 120481, f - 604 = -o + 39551. Is o composite?
True
Let n = 42760 - 29667. Is n a prime number?
True
Suppose -y + 0*y + 2 = 0. Let d = 40 + y. Suppose -3*i + 0*i = -d. Is i prime?
False
Let d(n) = -848*n + 4. Let m be d(-5). Suppose -4*i + 2*u - 3*u + m = 0, -2*i - 3*u = -2122. Is i a composite number?
False
Suppose -y + 3*y = 10. Suppose -p + 1086 = z - 2*p, 5*p = -y*z + 5440. Is z a composite number?
False
Suppose -35*l + 34*l = -3. Suppose -l*b - b + 4*o + 7048 = 0, -3*o = -4*b + 7043. Is b a composite number?
True
Let w(h) = -21*h - 1. Let b be w(1). Suppose 3*n - 120 = 15. Let j = n - b. Is j a prime number?
True
Suppose -16*k = -11*k - 310. Suppose 0 = -t + k + 87. Is t composite?
False
Suppose 3*p + 0*p = 6. Suppose 3*b = t + 3 - p, 4*t = -4. Suppose 5*s - 1153 - 817 = b. Is s prime?
False
Suppose 2*j + 5*w - 504 = 820, -5*j + 3310 = 5*w. Is j a composite number?
True
Let l(t) = 39*t**2 + 2*t + 15. Let u = -4 + 11. Let m be l(u). Is (-18)/(-12)*m/6 a composite number?
True
Suppose -98752 = -6*b + 169514. Is b prime?
True
Let c = -53269 + 89618. Is c a composite number?
True
Suppose 0*s = 2*s - 12. Let x(r) = 6*r**2 - 6*r - 3 + 7*r + 8*r. Is x(s) a prime number?
False
Let a be (3 + -4)*1451*-3. Let k be (2/((-6)/a))/(-1). Let r = -816 + k. Is r composite?
True
Is (6/4)/(6/2152) + 3 composite?
False
Suppose 7 = 2*p + 1. Suppose 12 = 7*y - p*y. Suppose y*o - 5*s + 90 = 341, -o + 4*s = -79. Is o a composite number?
True
Let i(q) = -q**2 + 5*q - 6. Let t be i(2). Suppose -2*c + 4 + 0 = t. Suppose -4*b + 5*u + 88 = -187, 59 = b + c*u. Is b composite?
True
Let d be (-72)/(-18) - (-1 - 544). Suppose d + 33 = 6*o. Is o prime?
True
Suppose -5*l = -2*j - 3*j - 78635, -4*j = 0. Is l prime?
True
Let h(p) = p**2 - 9*p + 2. Let f be h(8). Let a = f + 8. Suppose 5*w + 2*r - 1641 = 0, a*w - r - 4*r = 668. Is w a prime number?
False
Suppose -2*l + 4106 = -0*l. Is l prime?
True
Suppose -4*a + 5 + 3 = 0. Suppose -4*t - 13965 = -5*y, 0*y - a*y + 5563 = 3*t. Is y prime?
True
Let c be 6/(-4) - 3/((-30)/5). Is 20/40 + -757*c/2 prime?
True
Let g(f) = -4*f + 1874. Is g(0) a prime number?
False
Let s = 1708 + -829. Let q = s + -482. Is q a composite number?
False
Let w(f) = -51*f**3 + 2*f**2 + 4. Let h = 60 - 63. Is w(h) a prime number?
True
Suppose 0 = -3*o - x - 4*x + 268, 8 = 4*x. Suppose 5*r - 160 = 5*v, -v + 3*r + 2*r - 48 = 0. Let j = o + v. Is j a prime number?
False
Let t be 30/105 - 2/7. Is -8 + 9 + 788 + t prime?
False
Let b(y) = -3*y**3 - 12*y**2 + 32*y + 2. Is b(-17) a prime number?
True
Let b(o) = o**2 + 23*o + 1. Is b(4) a composite number?
False
Let t(n) be the second derivative of 2*n**4/3 + 3*n**3 + n**2/2 - 13*n. Is t(-9) a composite number?
False
Is -3 - (11 + -21 - 36322) a composite number?
True
Let n = -7 - -11. Let c(q) = -13 - 10 + 30 - 29*q + 207*q. Is c(n) a composite number?
False
Suppose 3347 - 722 = 5*z. Suppose 0 = 3*o - z - 864. Is o a prime number?
True
Let u(b) be the second derivative of b**4/12 - b**3/6 - 5*b**2/2 - b. Suppose -y = -4*t - 6, 11*t - 6*t + 45 = -5*y. Is u(y) composite?
False
Let l(d) = d**2 + 10*d + 2. Let y be l(-10). Suppose 4*f - 1279 = -p - f, 5*p = y*f + 6287. Is p prime?
True
Let p(v) be the second derivative of -107/6*v**3 + 9*v - 2*v**2 + 0. Is p(-3) prime?
True
Let v(p) = 3*p**3 + 3*p**2 - 12*p + 1. Is v(9) a prime number?
False
Suppose -4*d - 5*l + 587 = 0, 0*d - d + 143 = 2*l. Let w = d + -56. Is w a prime number?
True
Let c(s) = 111*s + 80. Is c(21) composite?
False
Let o(h) = -14552*h - 33. Is o(-1) a composite number?
False
Let o(r) = -2*r**3 - r**2 + 13*r + 17. Is o(-7) a prime number?
True
Let l(b) = -119*b - 5. Suppose 6*n = n - 10. Let t be l(n). Suppose -p = -5*x + t, 0 = -2*x + p - 0*p + 92. Is x a prime number?
True
Let z be 5406/(-33) + ((-24)/(-33))/(-4). Let p = z - -291. Is p composite?
False
Let o be (-6)/(-4) - (-36)/8. Let u(h) = 4*h**3 - 5*h**2 - 4*h + 21. Is u(o) composite?
True
Is -10 - (0 + -8) - -99*11 a composite number?
False
Suppose 910 + 886 = 4*k. Is k prime?
True
Let x(j) = -j**3 - 11*j**2 + 12*j + 6. Let o = -9 - 3. Let h be x(o). Suppose -h*b + 1923 = -3*b. Is b a prime number?
True
Let u = 73031 - 25540. Is u a composite number?
False
Suppose -2*x + 2*d + 46020 = 0, -115080 = -5*x - 173*d + 172*d. Is x a prime number?
False
Suppose -5*i = -3*i + j - 25784, -3*i + 5*j + 38663 = 0. Suppose 0 = -3*s - 3, -4*s + i = 5*t - 0*s. Is t composite?
False
Let k(n) = 2*n**2 - 4*n - 3. Let z be k(4). Suppose 2*m = -5*l, m + 0*m - 4*l = z. Suppose -d + 489 = -m*x, 2*d + 4*x = -598 + 1520. Is d a prime number?
False
Let c(g) = 333*g**2 - 6*g - 10. Let z(m) = m**2 + m + 1. Let v(a) = -c(a) - 6*z(a). Let d be v(-3). Let i = -1788 - d. Is i a prime number?
True
Let d be 5583*(-4)/16*-8. Suppose -14*o = -d - 4528. Is o a prime number?
False
Suppose -585 = h - 577. Let d(n) be the first derivative of n**4/4 + 14*n**3/3 - 6*n**2 - 9*n - 1. Is d(h) prime?
False
Suppose 13*f - 9*f = 412. Suppose f = -3*q + 4174. Is q a composite number?
True
Let h(g) = 6*g**2 - g + 2. Let p be h(-6). Suppose 2*n + 183 = 5*n. Suppose -p = -f - n. Is f prime?
True
Suppose 4*g - 9002 = -2*j, 3*g - 496 = -j + 6254. Suppose -2*o + g = 579. Is o a composite number?
True
Let w = 12 - 7. Suppose -w*h - 5730 = 3050. Is (-2)/(-9) - h/36 a composite number?
True
Let p(y) = -y**3 + 4*y + 4. Let f be p(-2). Let o(d) = 4*d**2 - 4*d + 9. Is o(f) composite?
True
Let h(c) = -17*c + 25. Suppose 4*s + 80 = 4*q, -2*s + 2 = 2*q + 34. Is h(s) prime?
True
Let t = -16074 - -28217. Is t composite?
False
Let l = 15168 - 9028. Is (-10)/4*l/(-50) a composite number?
False
Let z(v) = -2*v + 1385. Let n(a) = 3*a - 2770. Let f(p) = -6*n(p) - 10*z(p). Let r be f(0). Let h = 4115 - r. Is h composite?
True
Is 7/(-7) - (-1 + -2 + -3585) a prime number?
False
Let f = -1031 + 600. Let x = f - -952. Is x a composite number?
False
Suppose -6 + 10 = 2*g. Suppose 10 = g*f + 2. Suppose 46 = -3*y + f*y. Is y prime?
False
Let b(s) = -s**2 + 5*s + 1. Let u be b(4). Suppose p = -u*p + 474. Is p a prime number?
True
Suppose 83572 = -16*p + 20*p. Is p a composite number?
True
Suppose -659 = -v + 4*p, 5*v + 2*p - 693 - 2492 = 0. Let z = v - 425. Is z prime?
False
Let h be (1418/(-4))/(2/(-4)). Let c(z) = -38*z**2 - 19*z - 11. Let n be c(-3). Let j = n + h. Is j a prime number?
False
Let s = 3 -